 3*r - 8*r + 0 + 3 + 4*r**n - 3*r**2. Suppose -3*y = 2*y - 20. What is m(y)?
-1
Suppose b - 23 = 2*b + a, -74 = 3*b + 4*a. Let m be ((-12)/b)/(4/(-6)). Let j be ((-35)/(-15))/(m/(-3)). Let t(z) = -z + 13. Give t(j).
6
Suppose -67 = -16*y + 13. Let z(m) = m**3 - 5*m**2 - m - 3. Calculate z(y).
-8
Let l be (113190/847)/(-42) - (1 + 13/(-11)). Let y(a) = -2*a + 1. Let k(i) = -2*i + 1. Let c(t) = 3*k(t) - 2*y(t). Calculate c(l).
7
Let u(f) = 22*f**3 - f. Suppose -7*h = -14*h - 147. Let y = -22 - h. Calculate u(y).
-21
Let i(k) be the first derivative of 13 - 1/120*k**5 - 4/3*k**3 + 0*k**2 + 1/12*k**4 + 0*k. Let f(b) be the third derivative of i(b). Give f(4).
-2
Let b(f) be the first derivative of 3*f**2/2 + 2*f - 433. Let m(u) = -u**3 - 6*u**2 + 4. Let d be m(-6). Give b(d).
14
Let g(n) = -n**3 + 7*n**2 - 6*n - 6. Suppose -18*i + 162 = -21*i. Let b = 60 + i. Calculate g(b).
-6
Suppose 2*i = 5 - 3. Let q be (2 - i)*(4 - 4). Let y(d) = d**2 + d + 5. What is y(q)?
5
Let g be (-13)/(-65) - 348/(-10). Let c = -40 + g. Let x(q) = -q**2 - 6*q + 1. Determine x(c).
6
Let j(v) = -v**3 - 4*v**2 - 2*v + 2. Let g(t) = -2*t**2 + 33*t + 14. Let k be g(17). Determine j(k).
-1
Let s(w) be the third derivative of w**5/60 + w**4/3 - w**3/2 + 2*w**2 + 45*w. Calculate s(-5).
-18
Let w(t) be the first derivative of -5/2*t**2 - 8 - 2*t - 1/6*t**3. Let c(u) be the first derivative of w(u). Give c(-5).
0
Let h(d) = d**3 - 19*d**2 - 67*d - 5. Let j be h(-3). Let a(l) = -l**2 + 1. Give a(j).
-3
Let f(m) = -m**2 + 30*m + 5. Let t be f(30). Let o(r) = -2*r + 16. What is o(t)?
6
Let t(p) = -p + 4. Let g(j) = 1. Let y(x) = -g(x) + t(x). Let q be 1/4 + 117/12. Let l be (-12)/60 + 2/q. Give y(l).
3
Let z(w) = w**3 - w + 1. Let x(s) = 5*s**3 - 3*s**2 - 4*s + 4. Let y be (1/1)/(-1 - 0). Let r(n) = y*x(n) + 4*z(n). Calculate r(3).
0
Let h(y) be the second derivative of -y**5/20 + 4*y**4/3 - y**3/6 + 6*y**2 - 6*y. Let j be h(16). Let c be j + 3 - 1 - 0. Let x(v) = 2*v + 3. What is x(c)?
-1
Let q(i) = -5*i**2 + 11. Let l(u) = u**2 - 2. Let b(z) = -11*l(z) - 2*q(z). Suppose 3*t + 6 = -2*f, -10 = -2*f - 3*f + 5*t. Let m be 4*(f + 15/20). Give b(m).
-9
Let z(t) = -44*t**2 - 10 - 7*t + 5*t**2 + 40*t**2. Let o be z(8). Let w(a) = a**3 - a**2 + 2 + 2*a + 5*a**2 - 2*a**2. Give w(o).
-2
Let z(o) be the third derivative of o**2 - 1/120*o**6 - 4/3*o**3 + 0 + 0*o**4 + 0*o + 0*o**5. Give z(0).
-8
Suppose -6*h + 126 = 15*h. Let z(f) be the third derivative of -1/4*f**4 - 2*f**2 + 2/3*f**3 + 0 + 7/60*f**5 + 0*f - 1/120*f**6. Give z(h).
4
Let d(m) be the first derivative of -m**2/2 + 14*m - 5. Let j(i) = -2*i + 14. Let c be j(4). Calculate d(c).
8
Let z(j) = 29*j**2 - 8*j - 10. Let w be z(-8). Let u(g) = w - 1910 + 8*g + 4*g. Determine u(-1).
-12
Let k(j) = 2*j**2 - 85*j + 40. Let n be k(42). Let r(z) = z**2 + 2*z + 3. Give r(n).
3
Suppose -3*b = -5*x - 40, 2*b = 5*x - 12 + 47. Let f = 287 + -282. Let i(l) = 3 - f + 4*l + b. What is i(-2)?
-5
Let f be (-6 - (-665)/45) + (-2)/(-9). Let p(n) = n**2 - 6*n - 12. Calculate p(f).
15
Let h(k) = -4*k**3 + k**2 + 12*k + 23. Let s(d) = 7*d**3 - 23*d - 43. Let t(a) = -5*h(a) - 3*s(a). Give t(-6).
-4
Let h be (3*3/(-3))/(-1). Let n be (2 - 2) + 1 + h. Suppose -5*o + n*f - 52 = 0, -f - 2 = o + 3. Let v(t) = t + 4. Determine v(o).
-4
Let z(g) = -g + 11. Let c(x) = x**3 + 15*x**2 + 44*x + 13. Let y be c(-11). What is z(y)?
-2
Let g(z) be the second derivative of -z**7/105 + z**6/360 - z**5/120 + z**4/24 + 8*z**3/3 - 11*z. Let j(a) be the second derivative of g(a). What is j(1)?
-7
Let s(q) = -2*q + 5. Let g(f) = -4*f**3 + 4*f**2 + 5*f - 7. Let r(o) = 7*o**3 - 7*o**2 - 9*o + 13. Let d(j) = -11*g(j) - 6*r(j). Let b be d(2). Calculate s(b).
-5
Let t(q) = -q**2 - 5*q - 3. Let i be -9 + 0 + 18/(-3 + 9). What is t(i)?
-9
Suppose -13 = -k - 12. Let p be (-6)/(6/(-3)) - k. Let x(f) be the second derivative of -f**5/20 + f**4/3 - 2*f**3/3 + 3*f**2/2 - 2*f. Determine x(p).
3
Let v be (6 + (-138)/24)*4. Let s(i) = -4*i**3 - i**2 + 2. Calculate s(v).
-3
Let v be -2 + (-3 - 18/(-6)). Let w(q) be the second derivative of -q**3/6 + q**2 + 2*q. What is w(v)?
4
Let m be -7 - 4 - (-2 + -6). Let h(o) = o + 3. Calculate h(m).
0
Let z(c) = -4*c + 5*c + 3*c - 5 + c**2. Suppose -4*j = -4*p - 20, -2*p = 10*j - 13*j + 11. Determine z(p).
-5
Let k(m) = m**3 + 4*m - 3. Let j = -50 - -22. Let d be 11/4 + 21/j. Give k(d).
13
Let t be (4/(-16) - 0)*(-4)/1. Let c be ((-2)/4 + t)*0/(-15). Let d(i) = -i**2 + 6. Calculate d(c).
6
Let l(i) = -i + 2. Let y = -9 + 14. Suppose 4*h = -0*q + 5*q - 28, 0 = 3*q - h - 14. Suppose q*v = -3*t + 4, -y*v - 2 = 8. Determine l(t).
-2
Let t(k) = -26*k**2 + 14*k - 3. Let p(l) = 9*l**2 - 5*l + 1. Let j(n) = -17*p(n) - 6*t(n). Calculate j(2).
15
Suppose 5*l = 8 + 2. Let m(b) = b**2 + b**2 + 1 + 2 - b**3 - b**l. What is m(0)?
3
Suppose -4*w - 8 = -i - w, -i - 5*w - 8 = 0. Let q(c) = -3*c + 21 + 4*c - i*c. What is q(0)?
21
Let w(n) = n**2 + 2. Let t be w(2). Let k(a) = 0*a**2 - a**2 - t*a + 1157 - 1156. Calculate k(-5).
6
Let l(o) = -o**3 - 7*o**2 - 6*o + 4. Let f be l(-6). Let b(i) be the first derivative of i**4/4 - 4*i**3/3 + i**2 - 5*i + 4. What is b(f)?
3
Let r(z) = 2*z + 1. Let o be 100/125*10/(-4)*2. Determine r(o).
-7
Suppose 1282*i - 49 = 1275*i. Let h(a) = -2*a**2 + 17*a - 6. What is h(i)?
15
Suppose -3 = 4*i + 3*n - 20, -5*i + 22 = 3*n. Suppose i*o + 10 - 4 = -3*j, -o = 5*j - 12. Let m(w) = 0*w - 1 + 4 - 2*w**2 + 10*w - 8*w. Determine m(j).
-9
Let l(p) = -2*p**3 + 2*p**3 + 21 - 7*p**2 - 20 - 2*p**3 + 2*p + 3*p**2. Determine l(-2).
-3
Let c(x) = 6*x**3 - 11*x**2 + 4*x + 4. Let r = -1 - -1. Let w = r + 5. Let l(p) = 5*p**3 - 10*p**2 + 4*p + 4. Let u(k) = w*l(k) - 4*c(k). Determine u(5).
-1
Let j(a) = -a**2 - a - 2. Let l(s) = s**3 - 10*s**2 + 2*s - 12. Let z = -17 + 27. Let p be l(z). Suppose i = 3*i + p. Determine j(i).
-14
Let v(q) = -q**3 + 6*q**2 + 7*q - 9. Suppose -2 = -2*x - 2*d, 5*x + 3*d - 4*d = 35. What is v(x)?
33
Let k = -177 + 120. Let l = -22 - k. Let n(i) = -i - i**3 - 7 - l*i**2 + 29*i**2 - i. Calculate n(-6).
5
Let i be 6/((-4 - 1)/(-5)). Let j(r) = -i + 7*r + 0*r - 7*r + r**2 - r**3. Determine j(0).
-6
Let p be 0/(-5)*(-3)/(-6). Let h(w) = -7*w - 33. Let r(d) = 2*d + 1. Let o(f) = -h(f) - 4*r(f). What is o(p)?
29
Let j(g) = -6*g + 4. Let t(o) = -o + 1. Let q(m) = -j(m) + 8*t(m). Give q(4).
-4
Let g be (-2)/((2*-1)/(-1)). Let w(z) = 3*z + 2. Let p be w(1). Let x(d) = 174 + p*d - 174. What is x(g)?
-5
Let l(r) = -r**2 + 6*r. Let u be l(6). Let n(s) = s - 7 - s**2 - 5*s**3 + 4*s**3 + 6. Give n(u).
-1
Let y(q) be the second derivative of -3/2*q**3 + 0 - 14*q - 1/2*q**2 + 1/12*q**4. Give y(8).
-9
Let o(n) = -4*n - 6. Let h be o(-2). Let s(r) = 4 + 0*r - 4*r + 2*r - 4*r + r**h. Suppose 10 + 2 = 3*p. What is s(p)?
-4
Let h(x) be the third derivative of x**4/12 + x**3 - 19*x**2. Calculate h(-7).
-8
Let p be (14/35)/(1/95). Let l = p + -34. Let a(f) = f**2 - f + 3. Calculate a(l).
15
Let j(k) = -17*k**3 - 2*k**2 - k. Let p(n) = -n + 1. Let f(g) = -g**2 + 14. Let t(a) = f(a) - 3*p(a). Let s be t(-5). Let x = s - -28. Give j(x).
16
Let r be (-12)/10*(-190)/(-38). Let v(k) = k**3 + 5*k**2 - 4*k + 13. Calculate v(r).
1
Let k = 22 - 11. Let b(u) = -k*u**3 - 2 + 9*u + 0 - 6*u**2 - 1. Let v(g) = -4*g**3 - 2*g**2 + 3*g - 1. Let j(m) = 3*b(m) - 8*v(m). Calculate j(-3).
-1
Suppose 4*h + 40 = 6*h. Let y = 23 - h. Let t(f) = -4*f + y*f**2 + 0*f + 8*f + 3. Calculate t(-2).
7
Let l be ((-4)/8)/((6/3)/4). Let i(c) be the first derivative of -c**4/2 - c**2/2 - c + 1. What is i(l)?
2
Let b(c) = -7*c**3 + 6*c - 1. Let h(s) = -12*s**3 + 11*s - 1. Let q(l) = -7*b(l) + 4*h(l). Let t be (-2)/(-6) - 14/6. Calculate q(t).
-9
Let h(w) = -7*w + 1. Let v(l) = 5*l**2 - 3*l + 1. Suppose 2*n - 12 = -5*p, 4*p + 5 = -4*n + 17. Let b be v(n). What is h(b)?
-20
Let n(y) = 3*y - 4*y - y + y - 1. Let f(h) = 2*h + 3. Let z(w) = f(w) + n(w). Calculate z(2).
4
Let a(y) = y**2 - y - 4. Suppose -7*h = -11*h + 36. Let s(n) = -h + 6 + 4*n + 2. Let x be s(1). Calculate a(x).
2
Let c(z) = -7*z + 18. Let x be c(3). Let k(r) = 2*r**2 + 5*r + 3. What is k(x)?
6
Suppose -4*w + 26 + 153 = -3*z, 3*z = 3*w - 138. Suppose -5*a = w - 11. Let b(y) = y**2 + 4*y - 8. Calculate b(a).
4
Let l(b) = b**2 